{"id":48,"date":"2023-02-15T12:58:39","date_gmt":"2023-02-15T11:58:39","guid":{"rendered":"https:\/\/bieromencie.fr\/?page_id=48"},"modified":"2023-02-15T12:58:39","modified_gmt":"2023-02-15T11:58:39","slug":"mentions-legale","status":"publish","type":"page","link":"https:\/\/bieromencie.fr\/index.php\/mentions-legale\/","title":{"rendered":"Mentions L\u00e9gale"},"content":{"rendered":"\n<h1 class=\"wp-block-heading\">Mentions l\u00e9gales<\/h1>\n\n\n\n<p>En vigueur au 15\/02\/2023<\/p>\n\n\n\n<p>Conform\u00e9ment aux dispositions des Articles 6-III et 19 de la Loi n\u00b02004-575 du 21 juin 2004 pour la Confiance dans l\u2019\u00e9conomie num\u00e9rique, dite L.C.E.N., il est port\u00e9 \u00e0 la connaissance des utilisateurs et visiteurs, ci-apr\u00e8s l&#8221;&#8221;<strong>Utilisateur<\/strong>&#8220;, du site https:\/\/bieromencie.fr\/ , ci-apr\u00e8s le &#8220;<strong>Site<\/strong>&#8220;, les pr\u00e9sentes mentions l\u00e9gales.<\/p>\n\n\n\n<p>La connexion et la navigation sur le Site par l\u2019Utilisateur implique acceptation int\u00e9grale et sans r\u00e9serve des pr\u00e9sentes mentions l\u00e9gales.<\/p>\n\n\n\n<p>Ces derni\u00e8res sont accessibles sur le Site \u00e0 la rubrique \u00ab <strong>Mentions l\u00e9gales<\/strong> \u00bb.<\/p>\n\n\n\n<h2 class=\"wp-block-heading\">ARTICLE 1 &#8211; L&#8217;EDITEUR<\/h2>\n\n\n\n<h2 class=\"wp-block-heading\"><br><\/h2>\n\n\n\n<p>L\u2019\u00e9dition et la direction de la publication du Site est assur\u00e9e par Constant Anthony, domicili\u00e9e 46 Ruelle de la Chevret 73100 Gr\u00e9sy-Sur-Aix, dont le num\u00e9ro de t\u00e9l\u00e9phone est 0770721691, et l&#8217;adresse e-mail anthodu7315@gmail.com.<\/p>\n\n\n\n<p>ci-apr\u00e8s l'&#8221;<strong>Editeur<\/strong>&#8220;.<\/p>\n\n\n\n<h1 class=\"wp-block-heading\"><br><\/h1>\n\n\n\n<h2 class=\"wp-block-heading\">ARTICLE 2 &#8211; L&#8217;HEBERGEUR<\/h2>\n\n\n\n<h1 class=\"wp-block-heading\"><br><\/h1>\n\n\n\n<p>L&#8217;h\u00e9bergeur du Site est la soci\u00e9t\u00e9 OVH, dont le si\u00e8ge social est situ\u00e9 au 2 rue Kellermann 59100 Roubaix , av<strong>ec le num\u00e9ro de t\u00e9l\u00e9phone : _______________ + adresse mail de contact<\/strong><\/p>\n\n\n\n<h1 class=\"wp-block-heading\"><br><\/h1>\n\n\n\n<h2 class=\"wp-block-heading\">ARTICLE 3 &#8211; ACCES AU SITE<\/h2>\n\n\n\n<h1 class=\"wp-block-heading\"><br><\/h1>\n\n\n\n<p>Le Site est accessible en tout endroit, 7j\/7, 24h\/24 sauf cas de force majeure, interruption programm\u00e9e ou non et pouvant d\u00e9coulant d\u2019une n\u00e9cessit\u00e9 de maintenance.<\/p>\n\n\n\n<p>En cas de modification, interruption ou suspension du Site, l&#8217;Editeur ne saurait \u00eatre tenu responsable.<\/p>\n\n\n\n<h2 class=\"wp-block-heading\">ARTICLE 4 &#8211; COLLECTE DES DONNEES<\/h2>\n\n\n\n<p>Le Site assure \u00e0 l&#8217;Utilisateur une collecte et un traitement d&#8217;informations personnelles dans le respect de la vie priv\u00e9e conform\u00e9ment \u00e0 la loi n\u00b078-17 du 6 janvier 1978 relative \u00e0 l&#8217;informatique, aux fichiers et aux libert\u00e9s.<\/p>\n\n\n\n<p>En vertu de la loi Informatique et Libert\u00e9s, en date du 6 janvier 1978, l&#8217;Utilisateur dispose d&#8217;un droit d&#8217;acc\u00e8s, de rectification, de suppression et d&#8217;opposition de ses donn\u00e9es personnelles. L&#8217;Utilisateur exerce ce droit :<\/p>\n\n\n\n<p>\u00b7 par mail \u00e0 l&#8217;adresse email anthodu7315@gmail.com\ufeff<\/p>\n\n\n\n<p>\u00b7 via son espace personnel ;<\/p>\n\n\n\n<p>Toute utilisation, reproduction, diffusion, commercialisation, modification de toute ou partie du Site\ufeff, sans autorisation de l\u2019Editeur est prohib\u00e9e et pourra entra\u00een\u00e9e des actions et poursuites judiciaires telles que notamment pr\u00e9vues par le Code de la propri\u00e9t\u00e9 intellectuelle et le Code civil.<\/p>\n\n\n\n<p>Pour plus d\u2019informations, se reporter aux CGU du site https:\/\/bieromencie.fr\/ accessible \u00e0 la rubrique &#8220;CGU&#8221;<\/p>\n\n\n\n<p>Pour plus d&#8217;informations en mati\u00e8re de protection des donn\u00e9es \u00e0 caract\u00e8re personnel , se reporter \u00e0 la Charte en mati\u00e8re de protection des donn\u00e9es \u00e0 caract\u00e8re personnel du site https:\/\/bieromencie.fr\/ accessible \u00e0 la rubrique &#8220;Donn\u00e9es personnelles&#8221;<\/p>\n\n\n\n<p>Pour plus d&#8217;informations en mati\u00e8re de cookies, se reporter \u00e0 la Charte en mati\u00e8re de cookies du site https:\/\/bieromencie.fr\/ accessible \u00e0 la rubrique &#8220;Cookies&#8221;<\/p>\n\n\n\n<p>R\u00e9dig\u00e9 sur http:\/\/legalplace.fr<\/p>\n","protected":false},"excerpt":{"rendered":"<p>Mentions l\u00e9gales En vigueur au 15\/02\/2023 Conform\u00e9ment aux dispositions des Articles 6-III et 19 de la Loi n\u00b02004-575 du 21 juin 2004 pour la Confiance dans l\u2019\u00e9conomie num\u00e9rique, dite L.C.E.N., il est port\u00e9 \u00e0 la connaissance des utilisateurs et visiteurs, ci-apr\u00e8s l&#8221;&#8221;Utilisateur&#8220;, du site https:\/\/bieromencie.fr\/ , ci-apr\u00e8s le &#8220;Site&#8220;, les pr\u00e9sentes mentions l\u00e9gales. La connexion [&hellip;]<\/p>\n","protected":false},"author":1,"featured_media":0,"parent":0,"menu_order":0,"comment_status":"closed","ping_status":"closed","template":"","meta":{"footnotes":""},"class_list":["post-48","page","type-page","status-publish","hentry","entry"],"yoast_head":"<!-- This site is optimized with the Yoast SEO plugin v20.1 - https:\/\/yoast.com\/wordpress\/plugins\/seo\/ -->\n<title>Mentions L\u00e9gale - Bieromencie<\/title>\n<meta name=\"robots\" content=\"noindex, follow, max-snippet:-1, max-image-preview:large, max-video-preview:-1\" \/>\n<meta property=\"og:locale\" content=\"en_US\" \/>\n<meta property=\"og:type\" content=\"article\" \/>\n<meta property=\"og:title\" content=\"Mentions L\u00e9gale - Bieromencie\" \/>\n<meta property=\"og:description\" content=\"Mentions l\u00e9gales En vigueur au 15\/02\/2023 Conform\u00e9ment aux dispositions des Articles 6-III et 19 de la Loi n\u00b02004-575 du 21 juin 2004 pour la Confiance dans l\u2019\u00e9conomie num\u00e9rique, dite L.C.E.N., il est port\u00e9 \u00e0 la connaissance des utilisateurs et visiteurs, ci-apr\u00e8s l&#8221;&#8221;Utilisateur&#8220;, du site https:\/\/bieromencie.fr\/ , ci-apr\u00e8s le &#8220;Site&#8220;, les pr\u00e9sentes mentions l\u00e9gales. La connexion [&hellip;]\" \/>\n<meta property=\"og:url\" content=\"https:\/\/bieromencie.fr\/index.php\/mentions-legale\/\" \/>\n<meta property=\"og:site_name\" content=\"Bieromencie\" \/>\n<meta name=\"twitter:card\" content=\"summary_large_image\" \/>\n<meta name=\"twitter:label1\" content=\"Est. reading time\" \/>\n\t<meta name=\"twitter:data1\" content=\"3 minutes\" \/>\n<script type=\"application\/ld+json\" class=\"yoast-schema-graph\">{\"@context\":\"https:\/\/schema.org\",\"@graph\":[{\"@type\":\"WebPage\",\"@id\":\"https:\/\/bieromencie.fr\/index.php\/mentions-legale\/\",\"url\":\"https:\/\/bieromencie.fr\/index.php\/mentions-legale\/\",\"name\":\"Mentions L\u00e9gale - Bieromencie\",\"isPartOf\":{\"@id\":\"https:\/\/bieromencie.fr\/#website\"},\"datePublished\":\"2023-02-15T11:58:39+00:00\",\"dateModified\":\"2023-02-15T11:58:39+00:00\",\"breadcrumb\":{\"@id\":\"https:\/\/bieromencie.fr\/index.php\/mentions-legale\/#breadcrumb\"},\"inLanguage\":\"en-US\",\"potentialAction\":[{\"@type\":\"ReadAction\",\"target\":[\"https:\/\/bieromencie.fr\/index.php\/mentions-legale\/\"]}]},{\"@type\":\"BreadcrumbList\",\"@id\":\"https:\/\/bieromencie.fr\/index.php\/mentions-legale\/#breadcrumb\",\"itemListElement\":[{\"@type\":\"ListItem\",\"position\":1,\"name\":\"Accueil\",\"item\":\"https:\/\/bieromencie.fr\/\"},{\"@type\":\"ListItem\",\"position\":2,\"name\":\"Mentions L\u00e9gale\"}]},{\"@type\":\"WebSite\",\"@id\":\"https:\/\/bieromencie.fr\/#website\",\"url\":\"https:\/\/bieromencie.fr\/\",\"name\":\"Bieromencie\",\"description\":\"Bi\u00e8re artisanal depuis 2023\",\"potentialAction\":[{\"@type\":\"SearchAction\",\"target\":{\"@type\":\"EntryPoint\",\"urlTemplate\":\"https:\/\/bieromencie.fr\/?s={search_term_string}\"},\"query-input\":\"required name=search_term_string\"}],\"inLanguage\":\"en-US\"}]}<\/script>\n<!-- \/ Yoast SEO plugin. -->","yoast_head_json":{"title":"Mentions L\u00e9gale - Bieromencie","robots":{"index":"noindex","follow":"follow","max-snippet":"max-snippet:-1","max-image-preview":"max-image-preview:large","max-video-preview":"max-video-preview:-1"},"og_locale":"en_US","og_type":"article","og_title":"Mentions L\u00e9gale - Bieromencie","og_description":"Mentions l\u00e9gales En vigueur au 15\/02\/2023 Conform\u00e9ment aux dispositions des Articles 6-III et 19 de la Loi n\u00b02004-575 du 21 juin 2004 pour la Confiance dans l\u2019\u00e9conomie num\u00e9rique, dite L.C.E.N., il est port\u00e9 \u00e0 la connaissance des utilisateurs et visiteurs, ci-apr\u00e8s l&#8221;&#8221;Utilisateur&#8220;, du site https:\/\/bieromencie.fr\/ , ci-apr\u00e8s le &#8220;Site&#8220;, les pr\u00e9sentes mentions l\u00e9gales. La connexion [&hellip;]","og_url":"https:\/\/bieromencie.fr\/index.php\/mentions-legale\/","og_site_name":"Bieromencie","twitter_card":"summary_large_image","twitter_misc":{"Est. reading time":"3 minutes"},"schema":{"@context":"https:\/\/schema.org","@graph":[{"@type":"WebPage","@id":"https:\/\/bieromencie.fr\/index.php\/mentions-legale\/","url":"https:\/\/bieromencie.fr\/index.php\/mentions-legale\/","name":"Mentions L\u00e9gale - Bieromencie","isPartOf":{"@id":"https:\/\/bieromencie.fr\/#website"},"datePublished":"2023-02-15T11:58:39+00:00","dateModified":"2023-02-15T11:58:39+00:00","breadcrumb":{"@id":"https:\/\/bieromencie.fr\/index.php\/mentions-legale\/#breadcrumb"},"inLanguage":"en-US","potentialAction":[{"@type":"ReadAction","target":["https:\/\/bieromencie.fr\/index.php\/mentions-legale\/"]}]},{"@type":"BreadcrumbList","@id":"https:\/\/bieromencie.fr\/index.php\/mentions-legale\/#breadcrumb","itemListElement":[{"@type":"ListItem","position":1,"name":"Accueil","item":"https:\/\/bieromencie.fr\/"},{"@type":"ListItem","position":2,"name":"Mentions L\u00e9gale"}]},{"@type":"WebSite","@id":"https:\/\/bieromencie.fr\/#website","url":"https:\/\/bieromencie.fr\/","name":"Bieromencie","description":"Bi\u00e8re artisanal depuis 2023","potentialAction":[{"@type":"SearchAction","target":{"@type":"EntryPoint","urlTemplate":"https:\/\/bieromencie.fr\/?s={search_term_string}"},"query-input":"required name=search_term_string"}],"inLanguage":"en-US"}]}},"_links":{"self":[{"href":"https:\/\/bieromencie.fr\/index.php\/wp-json\/wp\/v2\/pages\/48","targetHints":{"allow":["GET"]}}],"collection":[{"href":"https:\/\/bieromencie.fr\/index.php\/wp-json\/wp\/v2\/pages"}],"about":[{"href":"https:\/\/bieromencie.fr\/index.php\/wp-json\/wp\/v2\/types\/page"}],"author":[{"embeddable":true,"href":"https:\/\/bieromencie.fr\/index.php\/wp-json\/wp\/v2\/users\/1"}],"replies":[{"embeddable":true,"href":"https:\/\/bieromencie.fr\/index.php\/wp-json\/wp\/v2\/comments?post=48"}],"version-history":[{"count":1,"href":"https:\/\/bieromencie.fr\/index.php\/wp-json\/wp\/v2\/pages\/48\/revisions"}],"predecessor-version":[{"id":49,"href":"https:\/\/bieromencie.fr\/index.php\/wp-json\/wp\/v2\/pages\/48\/revisions\/49"}],"wp:attachment":[{"href":"https:\/\/bieromencie.fr\/index.php\/wp-json\/wp\/v2\/media?parent=48"}],"curies":[{"name":"wp","href":"https:\/\/api.w.org\/{rel}","templated":true}]}}